he remainder when y(-2) is divided by 4.
0
Suppose 4*j - 5*d + 24 = 603, 0 = 4*j - 4*d - 584. What is the remainder when j is divided by 80?
71
Suppose -l = 2*k - 181, k - 5*l = 13 + 83. Suppose -3*s - 69 = -6*s. What is the remainder when k is divided by s?
22
Suppose 21*z - 351 = 18*z + 2*n, -8*z - 5*n + 967 = 0. Calculate the remainder when z is divided by 3 - 1 - -2*11.
23
Let t be 3 - 0 - (-8 - -5). Suppose t*w - 312 = -2*w. What is the remainder when 76 is divided by w?
37
Suppose -7*z + 117 = -37. Let n(w) = w**3 + 4*w**2 - 14*w - 9. Calculate the remainder when n(-5) is divided by z.
14
Let t(l) = 3*l**3 - l**2 + 1. Let n = 53 + -41. Calculate the remainder when n is divided by t(1).
0
Suppose k + 2 = 10. Let u = 23 - k. Let t = 14 + 43. Calculate the remainder when t is divided by u.
12
Let t(j) = j**3 - j**2 + j + 2. Let i be t(0). Let b(a) = -1 + 1 + 6*a**i + 2*a - 1. Calculate the remainder when 37 is divided by b(-2).
18
Calculate the remainder when (295581/(-65))/(-13) + 6/5 is divided by 114.
9
Let z = -7 + 15. Suppose 0 = 5*y - 257 + 102. Calculate the remainder when y is divided by z.
7
Calculate the remainder when 469 is divided by 408/9 - (-3)/((-27)/(-15)).
46
Calculate the remainder when 54934/(-847)*(-14)/4 is divided by 99.
29
Suppose -c + 87 = 5*m, -616 + 311 = -3*c - 4*m. Calculate the remainder when 114 is divided by c.
7
Let g = 14 - 11. Let m be 5 - g/6*0. Suppose -3*l = -i + m*i - 32, 0 = -4*l - 2*i + 36. What is the remainder when l is divided by 5?
3
Suppose 4*k - 5*l = 5, -l - 3 + 2 = -4*k. Suppose -5*d - 4*y + 80 = 0, -58 = -4*d - k*d - 2*y. What is the remainder when 45 is divided by d?
9
Suppose -3*n = 4*i + 81, n = -2*n - 5*i - 84. Let c be -41 - (-2 + 6)/2. Let z = n - c. What is the remainder when z is divided by 7?
6
Let v(x) = -193*x. Let z be v(-1). Suppose -57 = -f - 5*o, 4*o - 6*o = 5*f - z. What is the remainder when 294 is divided by f?
35
Let n be (-88)/14 + (-16)/(-56). Let i(t) = -t**3 + 6*t**2 + 9*t - 6. Let g be i(7). Calculate the remainder when (123/n)/((-4)/g) is divided by 15.
11
Suppose -109 - 446 = -37*r. Calculate the remainder when 122 is divided by r.
2
Let b = -125 + 140. Calculate the remainder when 178 is divided by b.
13
Let m = 81 + -87. What is the remainder when 16 is divided by 2/(-6) - (68/m + 0)?
5
Let b(h) = -h**3 - 16*h**2 + 11*h - 32. Suppose -34 = 2*m - 4*d, -5*m - 5*d + 3*d - 85 = 0. Calculate the remainder when b(m) is divided by 36.
34
Let d = -8 + 13. Suppose 3*r + 63 = 4*f, -f + 3*r = 2*r - 16. Calculate the remainder when (54/(-15))/(f/(-100)) is divided by d.
4
Suppose -105*w = -110*w + 1235. What is the remainder when w is divided by 31?
30
Let a(y) = 5*y**2 - 8*y + 3. Let s be a(-3). Suppose 5*g + 5*x + 45 - 255 = 0, s = 2*g - x. Calculate the remainder when g is divided by 8.
6
Let c = -19 + 11. Let o(k) be the second derivative of -k**3/3 - 5*k**2/2 - 2*k. Calculate the remainder when 43 is divided by o(c).
10
Let k(l) = -5*l + 7. Let v be k(-8). Suppose 0 = -y + v - 3. Calculate the remainder when y is divided by 12.
8
Suppose 5*y = -3*t + 62, 9*t - 7*t + 5*y = 43. What is the remainder when 187 is divided by t?
16
Let f(u) = 4*u**3 + 6*u**2 + 7. Let r be f(-7). Suppose -g = 2*k - 15, 5*k + 3*g - 15 = 5*g. What is the remainder when 2/(-9) - r/81 is divided by k?
3
Suppose -o + 15 = -22. Let y = o - 28. What is the remainder when 26 is divided by y?
8
Suppose 80 = 4*d - 4*k - 20, 0 = 2*d - 5*k - 65. Let v(m) = 56*m + 1. Calculate the remainder when v(1) is divided by d.
17
Let a(c) = -49*c + 72. What is the remainder when 36 is divided by a(1)?
13
Let k(v) = -45*v - 670. Calculate the remainder when (3 - -33)*2/4 is divided by k(-15).
3
Suppose 5*m = -2*a + 2505, 1255 = -a + 2*a + 3*m. What is the remainder when a is divided by 73?
72
Suppose -2*o = -3*i - 99, 5*o + 4*i + 102 = 7*o. What is the remainder when 122 is divided by o?
32
Suppose -9 = 3*p + 3*x, 3*x + 23 = -p + 5*p. Suppose p*b + 48 = 6*b. Suppose q = b - 3. What is the remainder when 17 is divided by q?
8
Let t(z) = z**2 + 4*z - 6. Let p = 101 + -71. Suppose -4*m + 9*m + 4*c = 55, -5*m + p = -c. What is the remainder when t(-8) is divided by m?
5
Let i(n) = -n**3 - 9*n**2 - 13*n - 3. Calculate the remainder when i(-8) is divided by 5.
2
Let g(q) = 3*q - 16. Let f be g(16). Suppose 88*z = 80*z + f. Let u = 9 - -6. What is the remainder when u is divided by z?
3
Let i = -1116 - -1185. What is the remainder when i is divided by 27?
15
Let j = 1620 - 1575. What is the remainder when 132 is divided by j?
42
Let z be 282*(-3 - (-28)/8). Let p = z + -93. Suppose 2*r + p - 4 = 2*b, r - 63 = -4*b. Calculate the remainder when b is divided by 6.
5
Suppose -r + 3*l = -70, l = 2*l - 2. Let b(q) = q**3 - 15*q**2 + 24*q - 8. Let v be b(13). Let u = -8 - v. What is the remainder when r is divided by u?
24
Calculate the remainder when 125 is divided by ((-32)/(-10))/((-10)/(-25)).
5
Let h = -14 + 25. Suppose -2*l = -11 - h. What is the remainder when 32 is divided by l?
10
Suppose -2*b + 7 = -9. Suppose -2*s + b = 2*h - 30, 3*h + 5*s = 55. What is the remainder when 76 is divided by h?
16
Suppose -10*n + 45 = -n. Suppose p = -2*u + 28, n*u - 27 = -5*p + 53. Calculate the remainder when u is divided by 5.
2
Let x = -923 - -957. What is the remainder when 127 is divided by x?
25
Suppose 7 + 8 = -5*g. Calculate the remainder when 45 is divided by -2*((-8 - g) + -3).
13
Let t(j) = -j**3 - 4*j**2 + 3*j - 1. Suppose -3*k = 2*x - 65, -2*k + 131 = 5*x - 5*k. Let i = x - 14. Calculate the remainder when i is divided by t(-5).
5
Suppose -2*o - 26 = -3*o. Let v = 151 - 146. Calculate the remainder when 4 - 60/18*(-186)/v is divided by o.
24
Suppose 159 = 3*t - 267. What is the remainder when t is divided by 25?
17
Suppose 0 = -3*z - 4*o - 33 + 12, 2*o = -2*z - 16. Let s = 213 - 183. What is the remainder when s is divided by (-258)/(-33) + (-2)/z?
6
Suppose 2*k - 5*r - 58 = 21, -93 = -3*k - r. Calculate the remainder when k is divided by 23.
9
Let z(f) = 4*f**2 + 14*f + 171. What is the remainder when z(-18) is divided by 64?
63
Suppose -k + 20 = -0*k. Let q(g) = -g**3 + 10*g**2 - 9*g - 12. Calculate the remainder when q(6) is divided by k.
18
Let s = 7 + -4. Suppose -2*y + 4 = -o - 1, -s*o - y = -13. Calculate the remainder when 4 is divided by 8/o + (-2)/3.
0
Let z(b) = b**2 - 7*b + 61. Suppose 2*h - 5*h + 69 = 0. What is the remainder when z(10) is divided by h?
22
Let q = -157 - -71. Let m = -55 - q. Calculate the remainder when 59 is divided by m.
28
Let t(h) = -h**2 + 12*h - 12. Let k(x) = x**3 - 6*x**2 - 4*x + 34. What is the remainder when k(7) is divided by t(8)?
15
Suppose 0 = -s + 1, 4*h = s - 1 + 48. What is the remainder when (-69)/4*(-12)/9 is divided by h?
11
Let d = -45 - -113. Suppose k = w - 19, 2*w - 3*k - d = -29. What is the remainder when 88 is divided by w?
16
Let n(g) be the first derivative of -3*g**2/2 + 47*g + 2. Suppose -4*d + 4 = 0, d + 4*d = -h + 9. Calculate the remainder when h is divided by n(15).
0
Suppose 3 + 17 = 5*k + 5*p, -2*p = -3*k + 37. Let s = -110 - -168. Suppose s = 3*x - 20. What is the remainder when x is divided by k?
8
Let q(s) = -s**2 - 43*s + 27. What is the remainder when 186 is divided by q(-43)?
24
Let g(p) = -p**3 + p - 3. Suppose 30*l + 51 = 33*l + 3*u, 58 = 4*l + 2*u. Calculate the remainder when g(-3) is divided by l.
9
Let f(i) = -7*i + 67. What is the remainder when 38 is divided by f(7)?
2
Let v = -41 - -79. Suppose -3*k = -5*d + 38, -3*d - k - k = -v. What is the remainder when 18 is divided by d?
8
Let c be (1/(-4))/(4/(-32)). Suppose -3*o + 5*q - 11 = 0, -c*o + q + 2*q = 6. Calculate the remainder when 20 is divided by (-3)/(o/(-11))*1.
9
Suppose 98 = -3*h - 3*j - 1, 0 = -4*j - 12. Let c = h + 49. Calculate the remainder when 47 is divided by c.
9
Calculate the remainder when 645/5*(-12)/(-378)*-3*-7 is divided by 1 + 21 + (1 - 1).
20
Let z(d) = 43*d**2 + 425*d + 7. Let i(q) = -q**2 + 11*q - 8. What is the remainder when z(-10) is divided by i(9)?
7
Suppose 2*s - 72 = 2*f, 3*s - 38 = -f + 54. Suppose 4*b + q - s = 0, -4*b + b = 3*q - 33. What is the remainder when 17 is divided by b?
3
Suppose 0 = x - 3*p - 19, p = 3*x - p - 22. Suppose -2*h + 17 = -5*a, 4*h